 Determine r(y).
4
Let o(p) = 2*p**2 - 2*p - 25. Let i be o(-4). Suppose 0 = 3*s - 5*v - 28, -3*v - i = -0*v. Let f be -2*s/6 + 26/6. Let d(y) = -y**2 + 3*y - 2. Determine d(f).
-6
Let x(j) = -33*j - 23 + 28*j - 30*j + 24*j - j**2. Calculate x(-8).
1
Let t = 4 + -3. Let m(z) = 38*z**3 + z**2 - 5*z + 3. Let b(o) = 403*o**3 + 10*o**2 - 52*o + 31. Let p(g) = 2*b(g) - 21*m(g). What is p(t)?
7
Suppose 16688 = 37*n + 16725. Let i(b) be the first derivative of -9*b**2 - b + 2. Give i(n).
17
Let o = -988 - -989. Suppose -3*r + 3 + o = -m, 3 = -m + 4*r. Let a(p) = 2*p + 13. What is a(m)?
-1
Let s = 29 + -29. Suppose -12*t + 2*t + 60 = s. Suppose 4*i - 4 = y, -t*y = -5*y - 2*i + 4. Let h(d) = -d**3 - 6*d**2 - 4*d + 4. Determine h(y).
-12
Let j(y) be the second derivative of y**3/6 - 25*y**2/2 - 1125*y. What is j(-6)?
-31
Let c(o) = -2*o + 19. Let p(k) = -8*k + 19. Let f(x) = -8*c(x) + p(x). What is f(15)?
-13
Let q = 9 - 16. Let n = 4 + q. Let f(u) = 89*u + 20. Let a(h) = 67*h + 16. Let p(o) = -4*a(o) + 3*f(o). What is p(n)?
-1
Let m(c) = -c**3 + 7*c**2 + 8*c - 6. Let b be (-45 - -59)/(-1 + 2*1). Suppose b*w - 430 = 4*w. Let a = -35 + w. Calculate m(a).
-6
Let q(d) = 37*d**2 - d**3 + 0*d - 71*d**2 - 3 - 3*d + 39*d**2. Let f(h) = -36*h + 75. Let n be f(2). Give q(n).
6
Let s(i) = 11*i - 3. Let q = -41 - -42. Let u be -6 + (2 - 4*q/1). Let c = u + 11. Calculate s(c).
30
Let o(m) be the third derivative of -m**5/60 + 5*m**4/24 - m**3/3 - 2*m**2. Suppose 0 = 1134*y - 1135*y + 3. Suppose -2*n = -7 - y. What is o(n)?
-2
Let j be (-110)/(-10) + ((-2)/(-2) - 42/7). Let r(v) = 2*v**3 + 9*v**2 + 5*v - 9. Let w(g) = -g**3 - g**2 - g + 1. Let z(k) = r(k) + 3*w(k). What is z(j)?
6
Let i be -6*((-350)/(-21))/(-25)*6/4. Let z(f) = -8 + 0*f**2 + 9*f - 2*f**2 + 12*f - 11*f. Calculate z(i).
-20
Let v(l) = l**3 + 3*l**2 + l + 4. Let g be (42/(-35))/3 + (-26)/10. Let y be (-1 - g - -4) + -9. Determine v(y).
1
Suppose -2*v - 550 = -110. Let q be 2/(-6) - v/30. Let k(i) = -3*i - 5*i - 4 + 1 + q*i. Calculate k(-8).
5
Let b(y) = -y**3 + 3*y**2 - y - 3. Let h(j) = -12. Let x(l) = -l + 13. Let t(p) = 4*h(p) + 3*x(p). Let c be t(-7). Suppose 0 = -c*k + 10 + 26. Calculate b(k).
-6
Let z = -1323 - -1334. Let h(s) = -s**2. Let g(i) = 3*i**2 + 13*i - 16. Let d(q) = g(q) + 4*h(q). Give d(z).
6
Let s(w) = w**2 - w - 9. Let z be ((-8)/1)/((-8)/(-16)). Let f = z - -16. Determine s(f).
-9
Let a(k) = 2*k**3 + 5*k**2 + 3*k + 1. Suppose -6*s = -21 - 9. Suppose -5*w - 6 = -s*i + 14, -5*w - 18 = -3*i. Calculate a(w).
-17
Suppose 3*m = 2*p - 16, -12*m + 17 = 5*p - 8*m. Let t(u) = 3 - 4 + 0*u + 3*u - 4*u. What is t(p)?
-6
Let b(g) = -g + 6. Suppose 3*p - 320 - 195 = -4*s, 687 = 4*p + 5*s. Let x be (147/(-7))/(-7)*2. Suppose -p*z = -175*z + x. What is b(z)?
3
Let h = -79 - -104. Suppose -6*l + h = 1. Suppose l = -8*d + 12. Let v(q) = -2*q**3 + q - 1. What is v(d)?
-2
Let u(y) = -6*y**3 + 7*y**2 + 6*y - 5. Let x be u(2). Let q(c) = -2*c**3 - 25*c**2 + 15*c + 18. What is q(x)?
-8
Let z be 286/77 + -2 + 4/14. Suppose 10 = -5*x, 2*f - 14 = x + z*x. Let m(k) = k**3 - 5*k. Give m(f).
44
Let r be (-5)/(-9) - (-32032)/(-1638). Let y(j) = j**3 + 20*j**2 + 26*j + 133. Calculate y(r).
0
Let s = -33 + 37. Let p be (-6)/2*3/(-9). Let m(o) = p - 6 + 3*o + s + 6*o. Determine m(1).
8
Let c(m) be the third derivative of m**5/60 + m**4/24 - m**3/3 + 2*m**2 - 61*m + 14. Give c(3).
10
Let u(i) = -i**3 + 6*i**2 - 10*i + 3. Let p = -43 - -46. Let w be u(p). Let o(v) = 1 + w + 16*v - 9*v. Give o(1).
8
Let i be -10 + 2/(4/(-6)). Let y(r) = -97*r - 71 + 84*r - r**2 + 82. Calculate y(i).
11
Let x(v) be the second derivative of 11*v**3/3 - 243*v**2/2 + 7500*v. Calculate x(12).
21
Let v(f) = 44*f. Let o = -555 - -554. Let n be (o/2)/((-46)/(-92)). What is v(n)?
-44
Suppose y - 4*y + 12 = 0, -4*w = -2*y + 28. Let f(q) = 1439. Let o(x) = -5*x + 8622. Let v(c) = -6*f(c) + o(c). Give v(w).
13
Let m(w) = w**3 - 4*w**2 - 5*w + 1. Let r be (1 - -2) + (-1 - (-1 + -2)). Let x be m(r). Suppose -13 + x = 2*t. Let g(p) = -p**2 - 7*p - 4. Determine g(t).
2
Let k(y) be the first derivative of 23*y**2 + 23*y + 1391. Give k(-1).
-23
Let d(t) = 19 - 33 - 24 + 13*t**2 + t**3 - 33057*t + 33040*t. Determine d(-14).
4
Let o(n) = 7*n - 169. Suppose 51*i - 1222 + 624 - 677 = 0. Calculate o(i).
6
Let o = -554 + 559. Let t(j) = -3*j - 7. Let y(a) = 5*a + 15. Let n(r) = -7*t(r) - 4*y(r). What is n(o)?
-6
Let m = 347 + -344. Let o(u) be the second derivative of u**5/20 - u**4/4 + 3*u**2/2 - 30*u. Give o(m).
3
Let b(l) = -858*l**2 + 853*l**2 - 29*l - 35 + 8*l. Suppose 3*f = 5*f - 22. Let x(y) = -2*y**2 - 7*y - 12. Let n(g) = f*x(g) - 4*b(g). Calculate n(6).
-22
Suppose -2819 - 1281 = 410*y + 410*y. Let a(s) be the first derivative of -s**2 - 3*s - 1. Determine a(y).
7
Let f(m) = -3*m + 8. Suppose -3*r - v + 5*v + 3 = 0, -r + 2*v = -1. Let g be ((-3)/6 + r)*(14 - 0). Determine f(g).
-13
Suppose 0 = -3*w + 5*k + 13, 520*w - 518*w + 8 = -5*k. Let l(q) be the second derivative of q**4/12 - q**2/2 + 4*q. Determine l(w).
0
Let b(x) be the second derivative of -4*x**3/3 - 172*x**2 - 2*x - 1262. Determine b(-43).
0
Let o = 891 + -893. Let g(n) = -6*n**3 + 4*n**2 + 5*n + 2. What is g(o)?
56
Let u(p) = 9*p**2 - p - 1. Let o be ((-2)/(-5))/(10790/1200 - 9). Let d be 15/(-24) + 18/o. Give u(d).
9
Let u(r) = -r - 2. Let v be u(4). Let x(w) be the first derivative of w**4/4 + 4*w**3/3 - 9*w**2/2 - w - 352. Give x(v).
-19
Let g(d) = -d**2 - 23*d + 16. Suppose 3*s + 74 = -2*j, -1203*j - 8 = -s - 1199*j. Calculate g(s).
76
Suppose 2*q - 29 = -3*m, 4*q - 10 = m - 1. Suppose 2*u = -m + 1. Let f(r) = -22*r + 21*r - 3680525*r**3 - 2*r**2 + 3680524*r**3 + 1. Give f(u).
13
Let a be 3 - (-42)/(-72)*5 - (-605)/(-60). Let k(s) = s**3 + 11*s**2 + 9*s - 7. Calculate k(a).
3
Let m(s) = -s - 5. Let r = 5581 + -5554. Give m(r).
-32
Let z(k) = 4*k - 6*k - 137 + 40 + 140 - 4*k. Give z(4).
19
Let z = -182 + 187. Suppose 3*o = -z*f + 4, -3*o - f - f = 11. Let n(k) = -5*k - 6. Determine n(o).
29
Let m(f) = f**2 - 5 + 2 + 2*f - 6*f. Let a be -21 - 308/(-17 - -3) - 1*-3. Determine m(a).
-3
Let z(s) be the second derivative of s**5/20 - 5*s**4/12 - s**3 - 2*s**2 - 2*s - 14. Let x = 58 + -55. Suppose n + x*n = 24. What is z(n)?
-4
Let j(k) = -4*k. Let q(f) = f**2 - 3*f - 23. Let l be q(-4). Let u(c) = 3*c - 2. Let d(s) = l*u(s) + 4*j(s). Calculate d(-8).
-2
Let n(i) be the second derivative of i**5/20 + i**3/6 + i**2/2 - 2*i - 51. Let z(y) = -y**3 + 7*y**2 - y + 7. Let k be z(7). Calculate n(k).
1
Let u(f) = 2*f**3 + 18*f**2 - 4*f - 21. Suppose -2*w = -m - 11, w - 19 = 143*m - 141*m. Calculate u(m).
15
Let r(n) = 3*n**2 - 3*n - 7. Let h be (-12)/192 + (-1105)/(-272). What is r(h)?
29
Suppose 71*x - 6 - 9 = 76*x. Let u(t) = t**3 + t**2 - 10*t - 15. Give u(x).
-3
Let b(f) be the first derivative of -f**4/4 - 16*f**3/3 - 21*f**2/2 - 17*f + 211. Give b(-15).
73
Let g(h) = 4*h + 10. Suppose -2*v - 3*n + 594 = 580, -5*v = -3*n - 77. What is g(v)?
62
Let z be (-1290)/(-43)*(-5)/(-15). Let j(d) = 4*d**2 - 41*d - 3. Determine j(z).
-13
Let n = -62 + 64. Suppose 0 = 8*f + 4*f - 24. Let y(m) = 3 - 6*m + m**3 - 4*m**2 + 3*m**f - 6 + 3*m**n. What is y(-4)?
-11
Let l(b) = -4*b**3 - 2*b**2 - 4*b - 2. Suppose -460 = 89*j - 93*j + 4*y, 3*y = 3. Let i = j + -118. Give l(i).
30
Let n = 24782 - 9911. Let j(k) = 5 + 2*k**3 + 14877*k**2 - n*k**2 - 3*k - 3*k**3. What is j(5)?
15
Suppose 3 = -c - 4*t, -25*c - 4*t = -27*c + 18. Let b(p) = -3 + p + 6*p - 3*p + 0*p. Let q(o) = -o - 1. Let d(x) = -b(x) - 3*q(x). Calculate d(c).
1
Suppose 0 = 7*q + 5*q - 36. Suppose -3*c - 6 = -q*b, -3*c - 11 - 16 = 4*b. Let a(f) = f - 5. What is a(c)?
-10
Let m(h) = 2*h + 37. Let d(f) = -f**3 + 33*f**2 - 60*f - 38. Let c be d(31). Suppose 3*q = -c - 24. Determine m(q).
5
Let w = 356 - 352. Let f(l) = -3 + 4 + 9 - 5*l. Give f(w).
-10
Let l(t) = -4*t**2 - 69*t - 223. Let m be l(-13). Let r(b) = 2*b + 14. Give r(m).
10
Let c(n) = 4*n + 12. Let i(o) = -o**2 - 11*o - 35. Let d(l) = 8*c(l) + 3*i(l). Let g(k) be the first derivative of d(k). Suppose 1 = -b - 0*b. Give g(b).
5
Suppose -3*d = -u - 10, -9*u + 6*u - 4*d = 56. Let x(r) = -2*r**2 - 31*r + 15. Calculate x(u).
-1
Suppose -55*m + 1463 = 68*m + 86*m. Let y(w) be the first derivat